ns digit of g?
8
Let w = 2 - 8. Let a be (44/6)/(w/(-9)). Suppose l - 2*l + a = 0. What is the units digit of l?
1
Suppose 5*m = m - 4. Let i(d) = 8*d**2 + d + 1. What is the units digit of i(m)?
8
Let z be 1/(-2) + 6/12. Suppose -i + 36 = -z*i. What is the units digit of i?
6
Let j(k) = -35*k - 1. What is the tens digit of j(-2)?
6
Suppose -k - 15 = -6*k. Suppose k*x - 6 = -3. What is the units digit of x?
1
Suppose -v + 4*p = -4*v + 21, 4*v - 6 = 2*p. Suppose v*y - 9 = -3*u, y + 15 = -3*u + 34. Suppose -2*o + u + 12 = 0. What is the units digit of o?
0
Let i be 0/4 + 0 + 7. Let f(g) = -g**3 - i*g**2 - 8 + 0 - 4*g - 5*g. What is the units digit of f(-6)?
0
Let t(w) = -w**3 + 18*w**2 + 2*w - 22. What is the units digit of t(18)?
4
Let f = -113 + 188. What is the tens digit of f?
7
Suppose -4 = q + q. Let u be q/4 - (-235)/10. Suppose 3*j - u = -5*x, -2*x - 3*j + 7*j = -30. What is the units digit of x?
7
Let f(i) = 3*i - 2*i - 4*i + i**2 - 1. Let n = 1 + 3. What is the units digit of f(n)?
3
Let v(x) = -x**2 + 7*x - 7. Let y be v(5). Let i = 7 - y. What is the tens digit of i/2 - (-44)/4?
1
Suppose 0 = -d - 2*w + 115 + 20, d = -3*w + 138. What is the hundreds digit of d?
1
Suppose 5*r - 3*r = 4. Let f(l) = l + 0*l + 0*l**2 + l**r. What is the units digit of f(-3)?
6
Let r = -21 + 20. What is the units digit of 10 + r*(1 + 1)?
8
Let o(y) = y**2 - y - 1. Let s be o(3). Suppose 7*v = 2*v + 25. Suppose s = -v*k + 25. What is the units digit of k?
4
Let o(r) = -r**3 + r**2 + 4*r + 62. What is the units digit of o(0)?
2
Let q(i) = i**2 - 5*i. What is the tens digit of q(8)?
2
Let m(f) = -f**3 + 2*f**2 - f. Let s be m(1). Suppose s*w + 3*w - 78 = 0. Let a = w - 14. What is the tens digit of a?
1
Suppose 53 = -2*k + 243. What is the tens digit of k?
9
Let r = -6 - -10. Suppose -52 = -r*x - 20. What is the units digit of x?
8
Suppose -4*o + 12 = 0, i = 4*o - 6 + 13. What is the tens digit of i?
1
Let q(f) = -f**3 + 6*f**2 + 4*f - 3. Let o be q(6). Let h = o + 3. What is the tens digit of h?
2
Let t(p) = p**2 + 3. Let g be t(-3). Let o = g + -8. What is the units digit of o?
4
Let b be (-4)/(-1)*(-25)/4. Let i = b + 39. Suppose 0 = -3*k + 10 + i. What is the units digit of k?
8
Let h = -3 + 3. Suppose h = -b - 2*b + 66. Suppose -4*j + b = -6. What is the units digit of j?
7
Let r(n) = 2*n + 13. Let a = 2 - 13. Let u be r(a). Let i = u - -11. What is the units digit of i?
2
Let x = -6 + 12. What is the units digit of (0 + 2 - 3) + x?
5
Let w = -1 - 2. Let n be (4/(-6))/(w/9). Suppose -7 = -n*d - 1. What is the units digit of d?
3
Let s = -134 - -91. Let c be 0 + (3/(-1) - s). Suppose -g + c = 4*g. What is the units digit of g?
8
Let u = -6 + 13. What is the units digit of u?
7
Suppose 5*r = 5, -2*r - 4 = s - 4*s. Suppose 4*t + 2*f = 70, -s*t + 2*f + 82 = 2*t. Suppose 17 = z - 2*c, 2*z + 0*z - c = t. What is the units digit of z?
7
Let x(c) = -6*c - 14. What is the tens digit of x(-6)?
2
Let m(w) be the first derivative of w**2 - 3*w - 4. What is the units digit of m(2)?
1
Let q(i) = 0*i**2 + 3 - 2 + 4*i**2 - 3*i + 0*i. What is the units digit of q(2)?
1
Let j(f) be the third derivative of f**5/60 - f**4/24 + 11*f**3/3 - 6*f**2. What is the units digit of j(0)?
2
Let k(i) = i**2 + 5*i - 3. Let f be k(-6). What is the units digit of -3 + f + 7 + -3?
4
Let m = 12 - -15. What is the tens digit of m?
2
Suppose 53 = 3*w - 5*l, 4 - 14 = -2*w - 3*l. Suppose -4 = -5*k + w. Suppose k*b + 36 = 7*b. What is the units digit of b?
9
Suppose -3*f + f - 65 = -5*r, -55 = -2*r - 5*f. Let d be (-1)/((-3)/r)*1. Suppose 4*g - 3*g - d = 0. What is the units digit of g?
5
Let z = 6 + -16. Let f = z + 16. What is the units digit of f?
6
Suppose -a + 12 = a. Suppose -2*s - 3*s = -l - 10, -l + a = 3*s. Let p = -1 + s. What is the units digit of p?
1
Suppose -2*j - 36 = -136. What is the units digit of j?
0
What is the tens digit of ((-15)/3 - -4)*-17?
1
Suppose h - 36 - 25 = 0. What is the tens digit of h?
6
Suppose 8*d = 2*d + 228. Let l = d + -19. What is the tens digit of l?
1
What is the units digit of (-197)/(-15) - 4/30?
3
Suppose 3*a - 12 = -a, a = -2*w - 5. Let p = w - -52. What is the tens digit of p?
4
Suppose -r + 5*h = -2*r + 40, -r - 3*h = -42. What is the tens digit of r?
4
Suppose 231 + 0 = 3*q. What is the units digit of q?
7
Let v = 1 + -1. Suppose -c + v = -31. Suppose 24 = 5*l - c. What is the units digit of l?
1
Suppose 3*k - u - 3*u = 48, -4*u = 0. What is the units digit of k?
6
Suppose 3*o - 2*y - 20 = -0, -o + 5*y = -24. What is the units digit of o?
4
Let p be (1 + 0)*(-3 + 0). Let r(a) = 2*a - 4*a**2 - a**3 + 0*a**3 - 4*a + 4. What is the units digit of r(p)?
1
What is the units digit of 644/8 + 4/8?
1
Let a(g) be the second derivative of g**3 - 3*g**2/2 - 2*g. Let c be a(3). Suppose -o + x = -4, 4*o - 4*x = x + c. What is the units digit of o?
5
Let r(a) = -a**2 - 6*a + 10. Let c be r(-7). Suppose -v = -3*g + 29, c*g + 3*v - 6 = 3. What is the units digit of g?
8
Let p be (-131)/(-7) + 8/28. Let u = -12 + p. Suppose -3*g = -u*g + 48. What is the tens digit of g?
1
Suppose 0 = 2*x - 156. What is the tens digit of x?
7
Let l = 5 + -11. Let j(a) = a**3 + 6*a**2 - 3*a - 6. What is the units digit of j(l)?
2
Suppose 0 = 5*v - 4*v - 5. Suppose 0 = -v*k + 19 + 6. What is the units digit of k?
5
Suppose -c = -4*c. Suppose c = -l - 2 + 7. Suppose -2*k = -7 - l. What is the units digit of k?
6
Let h = -204 + 581. What is the hundreds digit of h?
3
Suppose 0 = -3*j + 6*j + 51. Let n = j + 10. Let z = n - -11. What is the units digit of z?
4
Let x be (-2 - -1) + (-2 - -7). Suppose 2*c - x = 2. What is the units digit of c?
3
Suppose -78 = -0*c - 2*c. What is the tens digit of c?
3
Let k be (-1)/3 - 310/(-30). What is the tens digit of -4*k/(1 - 2)?
4
Suppose 0 = -5*o - 98 + 288. What is the tens digit of o?
3
Suppose -4*q = q - 15. Suppose 2*t - 4 = 5*l, -q*t = 2*l - 4*l - 6. What is the units digit of t?
2
Suppose o - 5*w + 3*w = 63, 4*o - 5*w - 261 = 0. What is the tens digit of o?
6
Suppose 4*x = x + 120. Suppose 2*b + c = -1 + 35, x = 2*b + 4*c. What is the units digit of b?
6
Let r(u) = -9*u**2 + 7*u - 8. Let n(d) = -8*d**2 + 6*d - 7. Let a(i) = -7*n(i) + 6*r(i). What is the tens digit of a(3)?
1
Let v(r) = 0 + 3 + r + 7. Let w be v(-8). Suppose l - w*y = 4, -5 + 0 = -y. What is the units digit of l?
4
Suppose 0 = 72*l - 73*l + 36. What is the tens digit of l?
3
Suppose -4*v = -2*t + 72, 0*v = t + v - 30. What is the units digit of t?
2
Let s(y) = 4*y**2 - 5*y - 2. Let w be (1 - -3)/(4 + -3). What is the units digit of s(w)?
2
Let j be 0 + (3 - 1 - -7). What is the tens digit of 24/(j/6 + 0)?
1
Let p = -4 - -7. Suppose 1 = 5*b + 2*o, -2 = 3*b + o - p. What is the units digit of b?
1
Let x = -251 + 419. What is the units digit of x?
8
Suppose -33*h + 420 = -28*h. What is the tens digit of h?
8
Let p be 154/10 - (-2)/(-5). Suppose -2*v = 4*m - 4, -2*v + 6*v - p = -m. Suppose -5*i = -v*i - 11. What is the tens digit of i?
1
Let r(j) = -j**2 + 17*j - 8. What is the units digit of r(15)?
2
Suppose -4*b - 54 = 6. Let s = -1 - b. What is the tens digit of s?
1
Let w(l) = 28*l**2 + 4*l + 3. What is the units digit of w(-1)?
7
Let y be 27/(1 - 8/10). Suppose 2*z = -3*z + y. Suppose 5*v + i - 39 = 0, 3*i - 10 = -5*v + z. What is the units digit of v?
8
Let r = -26 + 46. What is the tens digit of r?
2
Let f(u) = 19*u + 1. Let i be f(1). Suppose x - 6*x + i = 0. Suppose -b = x*b - 4*l + 15, 2*b - l + 3 = 0. What is the units digit of b?
1
Suppose 0 = -4*i + 6*i - 122. What is the tens digit of i?
6
Let x = 24 + 7. What is the units digit of x?
1
What is the tens digit of (-61536)/(-180) - 2/(-15)?
4
Suppose 2*n - 5 = 23. Let x = n + 22. What is the tens digit of x?
3
Let y = 13 - 7. What is the units digit of y?
6
Suppose 4*t = 3*q - 2, q + 5*t = -14 + 2. What is the tens digit of (q/(-2))/((-3)/(-33))?
1
Let z(m) = -16*m + 20. What is the hundreds digit of z(-5)?
1
Let l(i) = i**3 - 5*i**2 + 8*i + 1. Let f be l(6). Suppose 3*n + 11 = 4*n + 5*d, 5*n = 5*d + f. What is the tens digit of n?
1
Let c(w) = w**2 + 3*w + 1. Let s be c(-4). Suppose 3 = -s*u + 23. Suppose -8 = -u*m + 2*m. What is the units digit of m?
4
Let c = 2 + -3. Let b = c + 12. What is the units digit 